{"id":781,"date":"2025-01-06T09:53:36","date_gmt":"2025-01-06T08:53:36","guid":{"rendered":"https:\/\/cantinegenille.fr\/?page_id=781"},"modified":"2025-01-06T09:55:22","modified_gmt":"2025-01-06T08:55:22","slug":"regles-de-vie","status":"publish","type":"page","link":"https:\/\/cantinegenille.fr\/index.php\/regles-de-vie\/","title":{"rendered":"R\u00e8gles de vie"},"content":{"rendered":"\t\t<div data-elementor-type=\"wp-page\" data-elementor-id=\"781\" class=\"elementor elementor-781\">\n\t\t\t\t<div class=\"elementor-element elementor-element-0a02e7d e-flex e-con-boxed wpr-particle-no wpr-jarallax-no wpr-parallax-no wpr-sticky-section-no e-con e-parent\" data-id=\"0a02e7d\" data-element_type=\"container\">\n\t\t\t\t\t<div class=\"e-con-inner\">\n\t\t\t\t<div class=\"elementor-element elementor-element-10d31f8 elementor-widget elementor-widget-heading\" data-id=\"10d31f8\" data-element_type=\"widget\" data-widget_type=\"heading.default\">\n\t\t\t\t<div class=\"elementor-widget-container\">\n\t\t\t\t\t<h2 class=\"elementor-heading-title elementor-size-default\">R\u00e8gles de vie <\/h2>\t\t\t\t<\/div>\n\t\t\t\t<\/div>\n\t\t\t\t\t<\/div>\n\t\t\t\t<\/div>\n\t\t<div class=\"elementor-element elementor-element-2182031f e-flex e-con-boxed wpr-particle-no wpr-jarallax-no wpr-parallax-no wpr-sticky-section-no e-con e-parent\" data-id=\"2182031f\" data-element_type=\"container\">\n\t\t\t\t\t<div class=\"e-con-inner\">\n\t\t\t\t<div class=\"elementor-element elementor-element-b8df659 elementor-widget elementor-widget-text-editor\" data-id=\"b8df659\" data-element_type=\"widget\" data-widget_type=\"text-editor.default\">\n\t\t\t\t<div class=\"elementor-widget-container\">\n\t\t\t\t\t\t\t\t\t<p>En collaboration avec la mairie, nous avons mis en place un nouvel affichage dans les locaux de la&nbsp;<span id=\"DWT108\" class=\"ZmSearchResult\"><span id=\"DWT110\" class=\"ZmSearchResult\">cantine<\/span><\/span>&nbsp;pour les \u00e9l\u00e8ves du primaire.<\/p><p>Celui-ci vise \u00e0 rappeler les r\u00e8gles de vie collective et \u00e0 encourager un comportement respectueux \u00e0 table.&nbsp;<\/p><p>Nous esp\u00e9rons que ces initiatives contribueront \u00e0 renforcer une atmosph\u00e8re conviviale et agr\u00e9able pour tous les enfants.<\/p>\t\t\t\t\t\t\t\t<\/div>\n\t\t\t\t<\/div>\n\t\t\t\t\t<\/div>\n\t\t\t\t<\/div>\n\t\t<div class=\"elementor-element elementor-element-6fb79d3 e-flex e-con-boxed wpr-particle-no wpr-jarallax-no wpr-parallax-no wpr-sticky-section-no e-con e-parent\" data-id=\"6fb79d3\" data-element_type=\"container\">\n\t\t\t\t\t<div class=\"e-con-inner\">\n\t\t<div class=\"elementor-element elementor-element-4bb6fe3 e-con-full e-flex wpr-particle-no wpr-jarallax-no wpr-parallax-no wpr-sticky-section-no e-con e-child\" data-id=\"4bb6fe3\" data-element_type=\"container\">\n\t\t\t\t<div class=\"elementor-element elementor-element-2be68cb elementor-widget elementor-widget-image\" data-id=\"2be68cb\" data-element_type=\"widget\" data-widget_type=\"image.default\">\n\t\t\t\t<div class=\"elementor-widget-container\">\n\t\t\t\t\t\t\t\t\t\t\t\t\t\t\t<img fetchpriority=\"high\" decoding=\"async\" width=\"476\" height=\"673\" src=\"https:\/\/cantinegenille.fr\/wp-content\/uploads\/2025\/01\/Screenshot-2025-01-06-at-09-53-21-Affiche-Regles-Classe-Ecole-Illustratif-Colore-Affiche-cantine_mail.pdf.png\" class=\"attachment-large size-large wp-image-785\" alt=\"\" srcset=\"https:\/\/cantinegenille.fr\/wp-content\/uploads\/2025\/01\/Screenshot-2025-01-06-at-09-53-21-Affiche-Regles-Classe-Ecole-Illustratif-Colore-Affiche-cantine_mail.pdf.png 476w, https:\/\/cantinegenille.fr\/wp-content\/uploads\/2025\/01\/Screenshot-2025-01-06-at-09-53-21-Affiche-Regles-Classe-Ecole-Illustratif-Colore-Affiche-cantine_mail.pdf-212x300.png 212w\" sizes=\"(max-width: 476px) 100vw, 476px\" \/>\t\t\t\t\t\t\t\t\t\t\t\t\t\t\t<\/div>\n\t\t\t\t<\/div>\n\t\t\t\t<\/div>\n\t\t<div class=\"elementor-element elementor-element-038eac2 e-con-full e-flex wpr-particle-no wpr-jarallax-no wpr-parallax-no wpr-sticky-section-no e-con e-child\" data-id=\"038eac2\" data-element_type=\"container\">\n\t\t\t\t<div class=\"elementor-element elementor-element-e38737d elementor-widget elementor-widget-image\" data-id=\"e38737d\" data-element_type=\"widget\" data-widget_type=\"image.default\">\n\t\t\t\t<div class=\"elementor-widget-container\">\n\t\t\t\t\t\t\t\t\t\t\t\t\t\t\t<img decoding=\"async\" width=\"476\" height=\"673\" src=\"https:\/\/cantinegenille.fr\/wp-content\/uploads\/2025\/01\/Screenshot-2025-01-06-at-09-53-30-Affiche-Regles-Classe-Ecole-Illustratif-Colore-Affiche-cantine_mail.pdf.png\" class=\"attachment-large size-large wp-image-784\" alt=\"\" srcset=\"https:\/\/cantinegenille.fr\/wp-content\/uploads\/2025\/01\/Screenshot-2025-01-06-at-09-53-30-Affiche-Regles-Classe-Ecole-Illustratif-Colore-Affiche-cantine_mail.pdf.png 476w, https:\/\/cantinegenille.fr\/wp-content\/uploads\/2025\/01\/Screenshot-2025-01-06-at-09-53-30-Affiche-Regles-Classe-Ecole-Illustratif-Colore-Affiche-cantine_mail.pdf-212x300.png 212w\" sizes=\"(max-width: 476px) 100vw, 476px\" \/>\t\t\t\t\t\t\t\t\t\t\t\t\t\t\t<\/div>\n\t\t\t\t<\/div>\n\t\t\t\t<\/div>\n\t\t\t\t\t<\/div>\n\t\t\t\t<\/div>\n\t\t\t\t<\/div>\n\t\t","protected":false},"excerpt":{"rendered":"<p>R\u00e8gles de vie En collaboration avec la mairie, nous avons mis en place un nouvel affichage dans les locaux de la&nbsp;cantine&nbsp;pour les \u00e9l\u00e8ves du primaire. Celui-ci vise \u00e0 rappeler les r\u00e8gles de vie collective et \u00e0 encourager un comportement respectueux \u00e0 table.&nbsp; Nous esp\u00e9rons que ces initiatives contribueront \u00e0 renforcer une atmosph\u00e8re conviviale et agr\u00e9able<span class=\"more-button\"><a href=\"https:\/\/cantinegenille.fr\/index.php\/regles-de-vie\/\" class=\"more-link\">Continuer<span class=\"screen-reader-text\">R\u00e8gles de vie<\/span><\/a><\/span><\/p>\n","protected":false},"author":1,"featured_media":0,"parent":0,"menu_order":0,"comment_status":"closed","ping_status":"closed","template":"elementor_header_footer","meta":{"footnotes":""},"class_list":["post-781","page","type-page","status-publish","hentry"],"jetpack_sharing_enabled":true,"_links":{"self":[{"href":"https:\/\/cantinegenille.fr\/index.php\/wp-json\/wp\/v2\/pages\/781","targetHints":{"allow":["GET"]}}],"collection":[{"href":"https:\/\/cantinegenille.fr\/index.php\/wp-json\/wp\/v2\/pages"}],"about":[{"href":"https:\/\/cantinegenille.fr\/index.php\/wp-json\/wp\/v2\/types\/page"}],"author":[{"embeddable":true,"href":"https:\/\/cantinegenille.fr\/index.php\/wp-json\/wp\/v2\/users\/1"}],"replies":[{"embeddable":true,"href":"https:\/\/cantinegenille.fr\/index.php\/wp-json\/wp\/v2\/comments?post=781"}],"version-history":[{"count":4,"href":"https:\/\/cantinegenille.fr\/index.php\/wp-json\/wp\/v2\/pages\/781\/revisions"}],"predecessor-version":[{"id":788,"href":"https:\/\/cantinegenille.fr\/index.php\/wp-json\/wp\/v2\/pages\/781\/revisions\/788"}],"wp:attachment":[{"href":"https:\/\/cantinegenille.fr\/index.php\/wp-json\/wp\/v2\/media?parent=781"}],"curies":[{"name":"wp","href":"https:\/\/api.w.org\/{rel}","templated":true}]}}